{"id":477,"date":"2025-07-12T17:08:09","date_gmt":"2025-07-12T15:08:09","guid":{"rendered":"https:\/\/dev2.vargostechnologies.com\/?page_id=477"},"modified":"2025-07-26T13:31:07","modified_gmt":"2025-07-26T11:31:07","slug":"mentions-legales","status":"publish","type":"page","link":"https:\/\/vargostechnologies.com\/index.php\/mentions-legales\/","title":{"rendered":"Mentions l\u00e9gales"},"content":{"rendered":"\t\t<div data-elementor-type=\"wp-page\" data-elementor-id=\"477\" class=\"elementor elementor-477\" data-elementor-settings=\"{&quot;ha_cmc_init_switcher&quot;:&quot;no&quot;}\" data-elementor-post-type=\"page\">\n\t\t\t\t<div class=\"elementor-element elementor-element-e17a2fd e-flex e-con-boxed e-con e-parent\" data-id=\"e17a2fd\" data-element_type=\"container\" data-settings=\"{&quot;background_background&quot;:&quot;classic&quot;,&quot;_ha_eqh_enable&quot;:false}\">\n\t\t\t\t\t<div class=\"e-con-inner\">\n\t\t\t\t<div class=\"elementor-element elementor-element-ad41e19 elementor-widget elementor-widget-heading\" data-id=\"ad41e19\" data-element_type=\"widget\" data-widget_type=\"heading.default\">\n\t\t\t\t\t\t\t<h2 class=\"elementor-heading-title elementor-size-default\">Mentions L\u00e9gales<\/h2>\t\t\t\t<\/div>\n\t\t\t\t<div class=\"elementor-element elementor-element-ca6a6f0 elementor-widget elementor-widget-text-editor\" data-id=\"ca6a6f0\" data-element_type=\"widget\" data-widget_type=\"text-editor.default\">\n\t\t\t\t\t\t\t\t\t\t\t<h3>Identification de l\u2019\u00e9diteur et de l\u2019h\u00e9bergeur du site<\/h3><p>Le site https:\/\/vargostechnologies.com est \u00e9dit\u00e9 par VARGOS TECHNOLOGIES SAS, au capital de 2000 \u20ac, entreprise immatricul\u00e9e au RCS de VIENNE sous le num\u00e9ro 834436347, dont le si\u00e8ge social est sis au 320 imp. du pre chatelain, 38300 Saint Savin.<\/p><p>N\u00b0 de TVA intracommunautaire : FR80834436347.<\/p><p>Directeur de la publication : Albert ARNAUD-GODDET, GERANT de VARGOS TECHNOLOGIES SAS, joignable au 06-27-04-25-16 ou \u00e0 l\u2019adresse direction@vargostechnologies.com.<\/p><p>Le site est h\u00e9berg\u00e9 par O2SWITCH 222 Boulevard Gustave Flaubert, 63000 Clermont-Ferrand. Les informations concernant la collecte et le traitement des donn\u00e9es personnelles (politique et d\u00e9claration) sont fournies dans la charte de donn\u00e9es personnelles du site.<\/p>\t\t\t\t\t\t\t\t<\/div>\n\t\t\t\t\t<\/div>\n\t\t\t\t<\/div>\n\t\t\t\t<\/div>\n\t\t","protected":false},"excerpt":{"rendered":"<p>Mentions L\u00e9gales Identification de l\u2019\u00e9diteur et de l\u2019h\u00e9bergeur du site Le site https:\/\/vargostechnologies.com est \u00e9dit\u00e9 par VARGOS TECHNOLOGIES SAS, au capital de 2000 \u20ac, entreprise immatricul\u00e9e au RCS de VIENNE sous le num\u00e9ro 834436347, dont le si\u00e8ge social est sis au 320 imp. du pre chatelain, 38300 Saint Savin. N\u00b0 de TVA intracommunautaire : FR80834436347. [&hellip;]<\/p>\n","protected":false},"author":1,"featured_media":0,"parent":0,"menu_order":0,"comment_status":"closed","ping_status":"closed","template":"","meta":{"footnotes":""},"class_list":["post-477","page","type-page","status-publish","hentry","entry"],"_links":{"self":[{"href":"https:\/\/vargostechnologies.com\/index.php\/wp-json\/wp\/v2\/pages\/477","targetHints":{"allow":["GET"]}}],"collection":[{"href":"https:\/\/vargostechnologies.com\/index.php\/wp-json\/wp\/v2\/pages"}],"about":[{"href":"https:\/\/vargostechnologies.com\/index.php\/wp-json\/wp\/v2\/types\/page"}],"author":[{"embeddable":true,"href":"https:\/\/vargostechnologies.com\/index.php\/wp-json\/wp\/v2\/users\/1"}],"replies":[{"embeddable":true,"href":"https:\/\/vargostechnologies.com\/index.php\/wp-json\/wp\/v2\/comments?post=477"}],"version-history":[{"count":23,"href":"https:\/\/vargostechnologies.com\/index.php\/wp-json\/wp\/v2\/pages\/477\/revisions"}],"predecessor-version":[{"id":1067,"href":"https:\/\/vargostechnologies.com\/index.php\/wp-json\/wp\/v2\/pages\/477\/revisions\/1067"}],"wp:attachment":[{"href":"https:\/\/vargostechnologies.com\/index.php\/wp-json\/wp\/v2\/media?parent=477"}],"curies":[{"name":"wp","href":"https:\/\/api.w.org\/{rel}","templated":true}]}}